{"version":"1.0","provider_name":"Cortijo el Puerto 100% Ecol\u00f3gico y Biodin\u00e1mico","provider_url":"https:\/\/www.cortijoelpuerto.com\/en\/","author_name":"cortpuertadmin","author_url":"https:\/\/www.cortijoelpuerto.com\/en\/author\/cortpuertadmin\/","title":"Soil Preservation Day - Cortijo el Puerto 100% Ecol\u00f3gico y Biodin\u00e1mico","type":"rich","width":600,"height":338,"html":"<blockquote class=\"wp-embedded-content\" data-secret=\"cZsrfL7EjX\"><a href=\"https:\/\/www.cortijoelpuerto.com\/en\/soil-preservation-day\/\">Soil Preservation Day<\/a><\/blockquote><iframe sandbox=\"allow-scripts\" security=\"restricted\" src=\"https:\/\/www.cortijoelpuerto.com\/en\/soil-preservation-day\/embed\/#?secret=cZsrfL7EjX\" width=\"600\" height=\"338\" title=\"&#8220;Soil Preservation Day&#8221; &#8212; Cortijo el Puerto 100% Ecol\u00f3gico y Biodin\u00e1mico\" data-secret=\"cZsrfL7EjX\" frameborder=\"0\" marginwidth=\"0\" marginheight=\"0\" scrolling=\"no\" class=\"wp-embedded-content\"><\/iframe><script type=\"text\/javascript\">\n\/* <![CDATA[ *\/\n\/*! This file is auto-generated *\/\n!function(d,l){\"use strict\";l.querySelector&&d.addEventListener&&\"undefined\"!=typeof URL&&(d.wp=d.wp||{},d.wp.receiveEmbedMessage||(d.wp.receiveEmbedMessage=function(e){var t=e.data;if((t||t.secret||t.message||t.value)&&!\/[^a-zA-Z0-9]\/.test(t.secret)){for(var s,r,n,a=l.querySelectorAll('iframe[data-secret=\"'+t.secret+'\"]'),o=l.querySelectorAll('blockquote[data-secret=\"'+t.secret+'\"]'),c=new RegExp(\"^https?:$\",\"i\"),i=0;i<o.length;i++)o[i].style.display=\"none\";for(i=0;i<a.length;i++)s=a[i],e.source===s.contentWindow&&(s.removeAttribute(\"style\"),\"height\"===t.message?(1e3<(r=parseInt(t.value,10))?r=1e3:~~r<200&&(r=200),s.height=r):\"link\"===t.message&&(r=new URL(s.getAttribute(\"src\")),n=new URL(t.value),c.test(n.protocol))&&n.host===r.host&&l.activeElement===s&&(d.top.location.href=t.value))}},d.addEventListener(\"message\",d.wp.receiveEmbedMessage,!1),l.addEventListener(\"DOMContentLoaded\",function(){for(var e,t,s=l.querySelectorAll(\"iframe.wp-embedded-content\"),r=0;r<s.length;r++)(t=(e=s[r]).getAttribute(\"data-secret\"))||(t=Math.random().toString(36).substring(2,12),e.src+=\"#?secret=\"+t,e.setAttribute(\"data-secret\",t)),e.contentWindow.postMessage({message:\"ready\",secret:t},\"*\")},!1)))}(window,document);\n\/\/# sourceURL=https:\/\/www.cortijoelpuerto.com\/wp-includes\/js\/wp-embed.min.js\n\/* ]]> *\/\n<\/script>\n","thumbnail_url":"https:\/\/www.cortijoelpuerto.com\/wp-content\/uploads\/2025\/06\/21-1.jpg","thumbnail_width":2513,"thumbnail_height":1885,"description":"Cortijo el Puerto participated in the 4th edition of Soil Day, The seminars were organised by the Institute of Sustainable Agriculture, the University of C\u00f3rdoba and the Environmental Management Institute of C\u00f3rdoba (IMGEMA) in the C\u00f3rdoba Royal Botanical Garden. Participants as speakers: Jos\u00e9 Ram\u00f3n Guzm\u00e1n (Technical Advisor of the Ministry of Environment and Spatial Planning), [&hellip;]"}

Cortijo el Puerto 100% Ecológico y Biodinámico

Soil Preservation Day - Cortijo el Puerto 100% Ecológico y Biodinámico

<blockquote class="wp-embedded-content" data-secret="cZsrfL7EjX"><a href="https://www.cortijoelpuerto.com/en/soil-preservation-day/">Soil Preservation Day</a></blockquote><iframe sandbox="allow-scripts" security="restricted" src="https://www.cortijoelpuerto.com/en/soil-preservation-day/embed/#?secret=cZsrfL7EjX" width="600" height="338" title="&#8220;Soil Preservation Day&#8221; &#8212; Cortijo el Puerto 100% Ecológico y Biodinámico" data-secret="cZsrfL7EjX" frameborder="0" marginwidth="0" marginheight="0" scrolling="no" class="wp-embedded-content"></iframe><script type="text/javascript">
/* <![CDATA[ */
/*! This file is auto-generated */
!function(d,l){"use strict";l.querySelector&&d.addEventListener&&"undefined"!=typeof URL&&(d.wp=d.wp||{},d.wp.receiveEmbedMessage||(d.wp.receiveEmbedMessage=function(e){var t=e.data;if((t||t.secret||t.message||t.value)&&!/[^a-zA-Z0-9]/.test(t.secret)){for(var s,r,n,a=l.querySelectorAll('iframe[data-secret="'+t.secret+'"]'),o=l.querySelectorAll('blockquote[data-secret="'+t.secret+'"]'),c=new RegExp("^https?:$","i"),i=0;i<o.length;i++)o[i].style.display="none";for(i=0;i<a.length;i++)s=a[i],e.source===s.contentWindow&&(s.removeAttribute("style"),"height"===t.message?(1e3<(r=parseInt(t.value,10))?r=1e3:~~r<200&&(r=200),s.height=r):"link"===t.message&&(r=new URL(s.getAttribute("src")),n=new URL(t.value),c.test(n.protocol))&&n.host===r.host&&l.activeElement===s&&(d.top.location.href=t.value))}},d.addEventListener("message",d.wp.receiveEmbedMessage,!1),l.addEventListener("DOMContentLoaded",function(){for(var e,t,s=l.querySelectorAll("iframe.wp-embedded-content"),r=0;r<s.length;r++)(t=(e=s[r]).getAttribute("data-secret"))||(t=Math.random().toString(36).substring(2,12),e.src+="#?secret="+t,e.setAttribute("data-secret",t)),e.contentWindow.postMessage({message:"ready",secret:t},"*")},!1)))}(window,document);
//# sourceURL=https://www.cortijoelpuerto.com/wp-includes/js/wp-embed.min.js
/* ]]> */
</script>

Cortijo el Puerto participated in the 4th edition of Soil Day, The seminars were organised by the Institute of Sustainable Agriculture, the University of Córdoba and the Environmental Management Institute of Córdoba (IMGEMA) in the Córdoba Royal Botanical Garden. Participants as speakers: José Ramón Guzmán (Technical Advisor of the Ministry of Environment and Spatial Planning), [&hellip;]
